Determine z(h).
-4
Let l = 9 - 13. Let n(s) = -4*s**2 + 4*s - 3. Let u(x) = 3*x**2 - 4*x + 2. Suppose q + 8*w = 4*w - 9, -2*w = -q - 3. Let h(j) = q*u(j) - 4*n(j). What is h(l)?
2
Let q(b) = -3*b + 3. Let c(f) = -10*f + 7. Let t(a) = 11*a - 7. Let i(r) = 4*c(r) + 3*t(r). Let y(w) = -2*i(w) + 5*q(w). Give y(3).
-2
Let s(k) = 10*k**2 + 8*k**2 - 17*k**2 - 6*k + 2. Let p = -8 - -13. Calculate s(p).
-3
Let d(o) = -10*o**3 + 2*o + 1. Let v = 63 + -64. Determine d(v).
9
Let a = -18 + 28. Suppose -2*j + 30 - a = 5*w, 2*j = -2*w + 2. Let b(q) = 0*q**2 + q**2 - 2*q**2 - q - w*q. Determine b(-5).
10
Suppose -8 + 3 = -s. Let g(y) = -y - 1. Determine g(s).
-6
Let m(b) = b**3 + 4*b**2 + 3*b + 3. Let g be m(-3). Let t(x) = 2*x - 7 + x**2 + x + g. What is t(-4)?
0
Let d(s) = 2*s - 7. Suppose -2*l + 13 = 3. Give d(l).
3
Let g be (-1 - 2)*(0 - -1). Let f = 3 + g. Let r(j) = j + 1. Calculate r(f).
1
Let l(b) = -b + 3. Let x be l(5). Let f be (-1)/x*(-5 + 1). Let i(k) = -k**3 - 3*k**2 - 2*k - 1. Determine i(f).
-1
Let n(s) = -s**3 + 10*s**2 - s + 2. Let r(u) = 10*u**2. Let y be r(-1). Give n(y).
-8
Let h(d) = -3 + 2*d + 0*d + 2 + 2. Calculate h(-1).
-1
Suppose 12 = 3*b, -3*w + 2*b + 13 = 3. Let f(v) = 1. Let n(m) = -m + 10. Let o(q) = w*f(q) - n(q). Suppose 1 = 2*d - 5. Calculate o(d).
-1
Suppose 19 = -2*h - 5. Let v be h/3 - 8/(-4). Let c(j) = 2*j**2 + 3*j. Determine c(v).
2
Let j(t) = -2*t - 1. Let n(r) = 10*r + 6. Let s(b) = -14*j(b) - 3*n(b). What is s(-3)?
2
Let p(x) be the third derivative of -x**6/60 - x**5/30 - x**3/6 - x**2. Suppose -12 = 11*q + 10. What is p(q)?
7
Let c be (-1 - 1)/(-2)*-1. Let y = 6 + c. Let v(k) be the second derivative of -k**5/20 + k**4/3 + 5*k**3/6 + 3*k**2/2 + k. What is v(y)?
3
Let k be 14/8 - (-4)/16. Suppose -3*h + 2*h + k = 0. Suppose -h*n = m - 10, -5*m + 20 = 3*n - m. Let a(c) = -c**3 + 4*c**2 + 3*c - 4. What is a(n)?
8
Let t(m) = m**3 - 6*m**2 + 5*m + 3. Let r(i) = i**3 - 3*i**2 + i - 4. Let s be r(3). Let o be 4 - s*0/(-2). What is t(o)?
-9
Let g be (-6)/(-16) - 215/40. Let m(n) be the third derivative of -n**4/12 - 5*n**3/6 + 3*n**2. What is m(g)?
5
Let o be 8/(-60) + 94/30. Let g(j) be the first derivative of j**4/4 - j**3 - 3*j - 2. Give g(o).
-3
Let u(d) = d. Suppose i - 7*i = -12. Determine u(i).
2
Let y(b) = 2*b - 1. Let m be (0 + 1)/((-3)/(-15)). Let j = m + -2. Suppose 0 = -0*d + d + j. Calculate y(d).
-7
Let j(n) = n**2 - n - 1. Let s(o) = 3*o**2 - 6*o - 3. Let l(c) = -5*j(c) + s(c). Give l(2).
-8
Let a be ((-1)/(-2))/(4/(-40)). Let z(o) = 3*o + o**2 - 2 - 2 + o. Calculate z(a).
1
Let f(b) = b**3 - 6*b**2 - 2*b + 7. Let c = 4 + 2. Let h be f(c). Let v = h - -8. Let j(q) = 2*q + 1. What is j(v)?
7
Let q(x) = 13*x + 2. Suppose 0 = -4*i + 4*j - 4, 6 + 3 = -3*i + 5*j. Determine q(i).
28
Let z(h) = -2*h**3 + 2*h + 6*h**3 - 4*h**3 + h**2 + h**3 + 1. Give z(-2).
-7
Let a(l) = 3*l**2 + 8*l - 6. Let d(b) = -2*b**2 - 7*b + 5. Let w = -2 + -4. Let x(o) = w*d(o) - 5*a(o). What is x(2)?
-8
Let v(y) be the third derivative of y**6/60 + y**5/30 - y**4/12 + y**3/6 - 12*y**2. Determine v(1).
3
Let u = 84 - 85. Let p(b) = -15*b**3 + b**2 + 2*b + 1. Give p(u).
15
Let h(o) = -5*o**3 - o**2 + o. Let n = 2 - -2. Suppose 4*g + 12 = -n*x, -3*x = g - 0*x + 11. What is h(g)?
-5
Let f(x) = 6*x + 3. Let l be f(-3). Let n be 3/l - 4/5. Let k(u) be the first derivative of u**3/3 - u**2 - u + 7. Calculate k(n).
2
Let r = 0 - -9. Suppose -2*t + r = 3*q, 5*t = 2*q - 0 + 13. Let l(n) = 3*n**2 - n + 1. Calculate l(q).
3
Let a be (9/(-6))/((-3)/(-6)). Let m be 6*(5/2 + a). Let r(g) be the first derivative of g**2 + 3*g - 1. Give r(m).
-3
Let i(q) = q**2 + 8*q + 8. Suppose 5*y - 3 = 37. Let u = y - 14. What is i(u)?
-4
Let x(p) = -p**2 - p + 1. Let b(w) = -2*w**2 + w. Let n(a) = b(a) + 2*x(a). Determine n(-2).
-12
Let d(g) = -7*g**3 + 7*g**2 - 13*g. Let j(x) = 3*x**3 - 4*x**2 + 7*x. Let b(r) = 6*d(r) + 11*j(r). Suppose k + 0*a - 14 = -3*a, 10 = 2*a. What is b(k)?
8
Let v = -37/6 + 13/2. Let l(j) be the first derivative of j + 5/2*j**2 - 1 + v*j**3. What is l(-5)?
1
Let s(g) = 10*g**3 + g**2 + 2*g + 1. Let b be s(-1). Let o be ((-15)/b)/((-3)/(-4)). Let u(z) = 4 - z + o*z + 0. Give u(-5).
-1
Let w(a) = -9*a**2 + a. Suppose 4*n = -l + 8, -3*l - 2*l = n - 21. What is w(n)?
-8
Let p(x) be the third derivative of x**5/60 - 7*x**4/24 + 7*x**2. Determine p(3).
-12
Let y(r) = -r**2 + r. Let z(d) = -14*d**2 + 16*d. Let v = -118 + 70. Let l(w) = v*y(w) + 3*z(w). Determine l(1).
6
Let t(q) = 2*q**2 + 5*q + 15. Let m(d) = d**2 + 3*d + 7. Let r be -2*4/(16/(-10)). Let i(u) = r*m(u) - 2*t(u). Give i(-4).
1
Let g(f) = 6*f - 6. Let j(c) = -17*c + 17. Let s(b) = -8*g(b) - 3*j(b). Let p(v) = v**2 - 2. Let t be p(-2). Let m(q) = 2*q**2 - 3*q. Let y be m(t). Give s(y).
3
Let g = 13 - 18. Let p(n) be the third derivative of -n**6/120 - n**5/12 - 2*n**3/3 + n**2. Determine p(g).
-4
Let t(i) = 2*i**3 + 2*i**2 + 4*i - 3. Let j(h) = -4*h**3 - 5*h**2 - 9*h + 7. Let a(r) = 4*j(r) + 9*t(r). Determine a(-1).
-3
Let d = 45 + -48. Let l(u) = -u**2 + 2*u - 2. Calculate l(d).
-17
Let t(n) = n**2 - 12*n + 14. Let w be t(11). Let u(m) = 4*m + 7. Let b(f) = -2*f - 3. Let r = 1 + 6. Let q(h) = r*b(h) + w*u(h). Give q(-5).
10
Let o(b) = 2*b. Let a be o(-2). Let c(v) = -v**3 + v**2 + v. Let k(f) = -4*f**3 + 10*f**2 + 9*f. Let w = 13 + -18. Let p(t) = w*c(t) + k(t). What is p(a)?
0
Let j(f) = f**3 - 4*f**2 + 3*f - 3. Let z(v) = -v**3 + 5*v**2 - 4*v + 4. Let l(t) = 4*j(t) + 5*z(t). What is l(8)?
8
Let j be 0 - (-3)/(-6)*-6. Suppose 7 = -2*m + c + j, 0 = -2*m - 3*c + 4. Let i be 5*((2 - m) + -2). Let x(t) = t**2 - 5*t. Give x(i).
0
Let b(r) = r**3 - 7*r**2 - 5*r - 6. Let s(k) = 2*k**3 - 8*k**2 - 5*k - 7. Let q(d) = 3*b(d) - 2*s(d). Give q(-4).
0
Let a(w) be the first derivative of -w**4/4 - 5*w**3/3 - w**2 - 3*w - 10. Let d(o) = -o + 4. Let x be d(9). Calculate a(x).
7
Let d be 1/6 - 5/(-6). Let u(l) = -7*l - 1. What is u(d)?
-8
Let h(f) = f**2. Let i(z) = 2*z**2 + 1. Let k(c) = 3*h(c) + i(c). Calculate k(1).
6
Let q(v) = -4*v**3 + 4*v - 4. Let s(t) = -5*t**3 - t**2 + 5*t - 4. Let x(i) = -6*q(i) + 5*s(i). Calculate x(-5).
-1
Let v(i) = -i**2 - i. Let x be (-165)/(-35) + (-2)/(-7). Suppose 0 = -4*j - y + 8, -3*y + 15 = -x*j + 2*y. Suppose -7 = 4*u + j. Give v(u).
-2
Let t(c) = 2*c**3 + 2*c**2 - 2*c - 1. Let o be ((-3)/(-9))/(1/6). Determine t(o).
19
Let q(w) = -7*w**2 + 4*w - 3. Let t(f) = 8*f**2 - 6*f + 2. Let r(n) = -7*q(n) - 6*t(n). What is r(-6)?
-3
Let d(o) = -o**2 + o. Let w be d(3). Let r(l) = l**2 + 6*l - 6. What is r(w)?
-6
Let l(z) = -z**2 + 5*z - 4. Let n = -13 + 20. Let s(a) = a - 5. Let q be s(n). Suppose 1 = q*c - 9. What is l(c)?
-4
Let w(i) be the first derivative of -i**4/4 - 5*i**3/3 - i**2/2 - 2*i - 2. Let d = 13 + -3. Suppose -2 = -2*a + 4*n, 4*a + 5*n + d = 5*a. What is w(a)?
3
Let w(z) = z**3 + 2*z + 0*z**2 + 3 + 3*z**2 - 7. Suppose -s + 2*p - 5 = 2*s, -7 = 5*s - 4*p. Determine w(s).
-10
Suppose u = -0*u. Let i be 4*(-2 + (-11)/(-4)). Let s(w) = -w**2 - w + 5*w + u*w - i. What is s(5)?
-8
Let u(b) = 1 + b**2 + 2*b - 5*b**2 - 2 + b**3. Calculate u(3).
-4
Let x be 33/(-8) - 1/(-8). Let q(c) = -2*c + 4*c + 2 + 0*c**2 + c**2 - 1. Calculate q(x).
9
Let a(t) = -2*t + 1. Suppose 5*w - 20 = w. What is a(w)?
-9
Suppose 0 = -2*y - 2*i + 14, 15 = 4*y - 9*y + 5*i. Let s(k) = -k**3 - 3*k + y*k - 1 + 0*k. Suppose -3*h + 2*h + 13 = 5*c, -5*c + 1 = -3*h. Give s(c).
-11
Let a(q) = 6*q**3 + 2. Let n(w) = -7*w**3 - w - 3. Let x(i) = 4*a(i) + 3*n(i). What is x(-2)?
-19
Let p be (-324)/48 - 1/4. Let w(o) = o**2 + 9*o + 10. What is w(p)?
-4
Let j(r) = r + 7. Suppose 21 = 2*m - 39. Let i = -25 + m. Determine j(i).
12
Suppose -5*n = 4*l + 11, 38 = -2*l + 2*n + 2*n. Let y = l + 15. Let i(w) = w**2 + y*w - 6*w. Give i(-1).
1
Let h(p) = -4*p**2 - 10*p - 1. Let i(y) = -y**2 - y - 1. Let z(o) = h(o) - 5*i(o). Determine z(6).
10
Let g = 11 + 2. Let v(p) = 3 - g*p + 9*p - p**3 - 9*p**2 + 3*p**2. Give v(-5).
-2
Let y be ((-20)/8 + 1)*-2. Suppose 2*l + 2 - 4 = 0, 1 = 2*t + y*l. Let r(v) be the first derivative of 7*v**2/2 - 1. Give r(t).
-7
Let o(d) be the first derivative of d**3/3 + d**2/2 - d - 14. Calculate o(0).
-1
Let i(o) = -o**2 - 10*o - 19. Let g be i(-8). Let f(y) = -y**3 - y**2 + 4*y + 1